{"id":200,"date":"2018-12-03T16:09:23","date_gmt":"2018-12-03T15:09:23","guid":{"rendered":"http:\/\/lesamisdediawar.fr\/?page_id=200"},"modified":"2025-06-24T09:21:21","modified_gmt":"2025-06-24T07:21:21","slug":"journaux","status":"publish","type":"page","link":"https:\/\/lesamisdediawar.fr\/index.php\/journaux\/","title":{"rendered":"Journaux"},"content":{"rendered":"<p><a href=\"http:\/\/lesamisdediawar.fr\/wp-content\/uploads\/2025\/06\/18-le-vent-du-fleuve-ete-2025.pdf\">Le vent du fleuve \u00e9t\u00e9 2025<\/a><\/p>\n<p><a href=\"http:\/\/lesamisdediawar.fr\/wp-content\/uploads\/2024\/07\/17-le-vent-du-fleuve-ete-2024.pdf\">Le vent du fleuve \u00e9t\u00e9 2024<\/a><\/p>\n<p><a href=\"http:\/\/lesamisdediawar.fr\/wp-content\/uploads\/2023\/08\/16-le-vent-du-fleuve-ete-2023.pdf\">Le vent du fleuve \u00e9t\u00e9 2023<\/a><\/p>\n<p><a href=\"http:\/\/lesamisdediawar.fr\/wp-content\/uploads\/2022\/11\/15-le-vent-du-fleuve-automne-2022.pdf\">Le vent du fleuve automne 2022<\/a><\/p>\n<p><a href=\"http:\/\/lesamisdediawar.fr\/wp-content\/uploads\/2022\/07\/14-le-vent-du-fleuve-\u00e9t\u00e9-2022.pdf\">Le vent du fleuve \u00e9t\u00e9 2022<\/a><\/p>\n<p><a href=\"http:\/\/lesamisdediawar.fr\/wp-content\/uploads\/2022\/01\/13-le-vent-du-fleuve-automne-2021.pdf\">Le vent du fleuve automne 2021<\/a><\/p>\n<p><a href=\"http:\/\/lesamisdediawar.fr\/wp-content\/uploads\/2022\/01\/12-le-vent-du-fleuve-\u00e9t\u00e9-2021.pdf\">Le vent du fleuve \u00e9t\u00e9 2021<\/a><\/p>\n<p><a href=\"http:\/\/lesamisdediawar.fr\/wp-content\/uploads\/2022\/01\/11-le-vent-du-fleuve-automne-2020.pdf\">Le vent du fleuve automne 2020<\/a><\/p>\n<p><a href=\"http:\/\/lesamisdediawar.fr\/wp-content\/uploads\/2022\/01\/10-le-vent-du-fleuve-\u00e9t\u00e9-2020.pdf\">Le vent du fleuve \u00e9t\u00e9 2020<\/a><\/p>\n<p><a href=\"http:\/\/lesamisdediawar.fr\/wp-content\/uploads\/2019\/11\/9-le-vent-du-fleuve-automne-2019.pdf\">Le vent du fleuve automne 2019<\/a><\/p>\n<p><a href=\"http:\/\/lesamisdediawar.fr\/wp-content\/uploads\/2018\/12\/8-le-vent-du-fleuve-automne-2018.pdf\">Le vent du fleuve automne 2018<\/a><\/p>\n<p><a href=\"http:\/\/lesamisdediawar.fr\/wp-content\/uploads\/2018\/12\/7-le-vent-du-fleuve-automne-2017.pdf\">Le vent du fleuve automne 2017<\/a><\/p>\n<p><a href=\"http:\/\/lesamisdediawar.fr\/wp-content\/uploads\/2018\/12\/6-vent-du-fleuve-printemps-2016.pdf\">Le vent du fleuve printemps 2016<\/a><\/p>\n<p><a href=\"http:\/\/lesamisdediawar.fr\/wp-content\/uploads\/2018\/12\/5-Le-vent-du-fleuve-automne-2015.pdf\">Le vent du fleuve automne 2015<\/a><\/p>\n<p><a href=\"http:\/\/lesamisdediawar.fr\/wp-content\/uploads\/2018\/12\/4-le-vent-du-fleuve-printemps-2015.pdf\">Le vent du fleuve printemps 2015<\/a><\/p>\n<p><a href=\"http:\/\/lesamisdediawar.fr\/wp-content\/uploads\/2018\/12\/3-le-vent-du-fleuve-printemps-2014.pdf\">Le vent du fleuve printemps 2014<\/a><\/p>\n<p><a href=\"http:\/\/lesamisdediawar.fr\/wp-content\/uploads\/2018\/12\/2-le-vent-du-fleuve-Automne-2013.pdf\">Le vent du fleuve Automne 2013<\/a><\/p>\n<p><a href=\"http:\/\/lesamisdediawar.fr\/wp-content\/uploads\/2018\/12\/1-le-vent-du-fleuve-printemps-2013.pdf\">Le vent du fleuve printemps 2013<\/a><\/p>\n","protected":false},"excerpt":{"rendered":"<p>Le vent du fleuve \u00e9t\u00e9 2025 Le vent du fleuve \u00e9t\u00e9 2024 Le vent du fleuve \u00e9t\u00e9 2023 Le vent du fleuve automne 2022 Le vent du fleuve \u00e9t\u00e9 2022 Le vent du fleuve automne 2021 Le vent du fleuve \u00e9t\u00e9 2021 Le vent du fleuve automne 2020 Le vent du fleuve \u00e9t\u00e9 2020 Le vent du fleuve automne 2019 Le vent du fleuve automne 2018 Le vent du fleuve automne 2017 Le vent du fleuve printemps 2016 Le vent du fleuve automne 2015 Le vent du fleuve printemps 2015 Le vent du fleuve printemps 2014 Le vent du fleuve [&hellip;]<\/p>\n","protected":false},"author":1,"featured_media":0,"parent":0,"menu_order":0,"comment_status":"closed","ping_status":"closed","template":"","meta":[],"_links":{"self":[{"href":"https:\/\/lesamisdediawar.fr\/index.php\/wp-json\/wp\/v2\/pages\/200"}],"collection":[{"href":"https:\/\/lesamisdediawar.fr\/index.php\/wp-json\/wp\/v2\/pages"}],"about":[{"href":"https:\/\/lesamisdediawar.fr\/index.php\/wp-json\/wp\/v2\/types\/page"}],"author":[{"embeddable":true,"href":"https:\/\/lesamisdediawar.fr\/index.php\/wp-json\/wp\/v2\/users\/1"}],"replies":[{"embeddable":true,"href":"https:\/\/lesamisdediawar.fr\/index.php\/wp-json\/wp\/v2\/comments?post=200"}],"version-history":[{"count":19,"href":"https:\/\/lesamisdediawar.fr\/index.php\/wp-json\/wp\/v2\/pages\/200\/revisions"}],"predecessor-version":[{"id":619,"href":"https:\/\/lesamisdediawar.fr\/index.php\/wp-json\/wp\/v2\/pages\/200\/revisions\/619"}],"wp:attachment":[{"href":"https:\/\/lesamisdediawar.fr\/index.php\/wp-json\/wp\/v2\/media?parent=200"}],"curies":[{"name":"wp","href":"https:\/\/api.w.org\/{rel}","templated":true}]}}